{"id":41,"date":"2025-02-03T23:39:58","date_gmt":"2025-02-03T22:39:58","guid":{"rendered":"https:\/\/www.grandhotelhradec.cz\/?page_id=41"},"modified":"2026-04-02T22:24:42","modified_gmt":"2026-04-02T20:24:42","slug":"oferty-specjalne","status":"publish","type":"page","link":"https:\/\/www.grandhotelhradec.cz\/pl\/oferty-specjalne\/","title":{"rendered":"Oferty specjalne"},"content":{"rendered":"<div class=\"wp-block-columns is-layout-flex wp-container-core-columns-is-layout-9d6595d7 wp-block-columns-is-layout-flex\">\n<div class=\"wp-block-column is-layout-flow wp-block-column-is-layout-flow\">\n<figure class=\"wp-block-image size-full\"><a href=\"https:\/\/www.grandhotelhradec.cz\/pl\/oferty-specjalne\/specjalna-elastyczna-oferta-sezonowa-z-3-daniowa-kolacja\/\"><img loading=\"lazy\" decoding=\"async\" width=\"372\" height=\"243\" src=\"https:\/\/www.grandhotelhradec.cz\/wp-content\/uploads\/2025\/10\/BALICEK_3MENU_WEB_372x243_px_nabidka_III_2.jpg\" alt=\"\" class=\"wp-image-1000\" srcset=\"https:\/\/www.grandhotelhradec.cz\/wp-content\/uploads\/2025\/10\/BALICEK_3MENU_WEB_372x243_px_nabidka_III_2.jpg 372w, https:\/\/www.grandhotelhradec.cz\/wp-content\/uploads\/2025\/10\/BALICEK_3MENU_WEB_372x243_px_nabidka_III_2-18x12.jpg 18w\" sizes=\"auto, (max-width: 372px) 100vw, 372px\" \/><\/a><\/figure>\n\n\n\n<h3 class=\"wp-block-heading\">Pakiet pobytowy <br>z trzydaniow\u0105 kolacj\u0105<\/h3>\n\n\n\n<p>Prze\u017cyj Karkonosze w wielkim stylu<\/p>\n\n\n\n<div class=\"wp-block-buttons is-layout-flex wp-block-buttons-is-layout-flex\">\n<div class=\"wp-block-button\"><a class=\"wp-block-button__link wp-element-button\" href=\"https:\/\/www.grandhotelhradec.cz\/pl\/oferty-specjalne\/specjalna-elastyczna-oferta-sezonowa-z-3-daniowa-kolacja\/\">Wi\u0119cej informacji<\/a><\/div>\n<\/div>\n<\/div>\n\n\n\n<div class=\"wp-block-column is-layout-flow wp-block-column-is-layout-flow\">\n<figure class=\"wp-block-image size-full\"><a href=\"https:\/\/www.grandhotelhradec.cz\/pl\/oferty-specjalne\/specjalne-elastyczne-oferty-sezonowe-z-3-daniowa-kolacja-i-wellness\/\"><img loading=\"lazy\" decoding=\"async\" width=\"372\" height=\"243\" src=\"https:\/\/www.grandhotelhradec.cz\/wp-content\/uploads\/2025\/10\/BALICEK_3MENU_Wellness_WEB_372x243_px_nabidka_III_2.jpg\" alt=\"\" class=\"wp-image-1001\" srcset=\"https:\/\/www.grandhotelhradec.cz\/wp-content\/uploads\/2025\/10\/BALICEK_3MENU_Wellness_WEB_372x243_px_nabidka_III_2.jpg 372w, https:\/\/www.grandhotelhradec.cz\/wp-content\/uploads\/2025\/10\/BALICEK_3MENU_Wellness_WEB_372x243_px_nabidka_III_2-18x12.jpg 18w\" sizes=\"auto, (max-width: 372px) 100vw, 372px\" \/><\/a><\/figure>\n\n\n\n<h3 class=\"wp-block-heading\">Pakiet pobytowy <br>z trzydaniow\u0105 kolacj\u0105 i wellness<\/h3>\n\n\n\n<p>Prze\u017cyj Karkonosze w wielkim stylu<\/p>\n\n\n\n<div class=\"wp-block-buttons is-layout-flex wp-block-buttons-is-layout-flex\">\n<div class=\"wp-block-button\"><a class=\"wp-block-button__link wp-element-button\" href=\"https:\/\/www.grandhotelhradec.cz\/pl\/oferty-specjalne\/specjalne-elastyczne-oferty-sezonowe-z-3-daniowa-kolacja-i-wellness\/\">Wi\u0119cej informacji<\/a><\/div>\n<\/div>\n<\/div>\n\n\n\n<div class=\"wp-block-column is-layout-flow wp-block-column-is-layout-flow\">\n<figure class=\"wp-block-image size-full is-resized\"><a href=\"https:\/\/www.grandhotelhradec.cz\/pl\/oferty-specjalne\/prezent-za-pozostanie\/\"><img loading=\"lazy\" decoding=\"async\" width=\"372\" height=\"243\" src=\"https:\/\/www.grandhotelhradec.cz\/wp-content\/uploads\/2026\/04\/DUBEN_bonus-Lahev_vina_zdarma_WEB_372x243_px_nabidka_II.webp\" alt=\"\" class=\"wp-image-1176\" style=\"object-fit:cover;width:372px;height:auto\" srcset=\"https:\/\/www.grandhotelhradec.cz\/wp-content\/uploads\/2026\/04\/DUBEN_bonus-Lahev_vina_zdarma_WEB_372x243_px_nabidka_II.webp 372w, https:\/\/www.grandhotelhradec.cz\/wp-content\/uploads\/2026\/04\/DUBEN_bonus-Lahev_vina_zdarma_WEB_372x243_px_nabidka_II-18x12.webp 18w\" sizes=\"auto, (max-width: 372px) 100vw, 372px\" \/><\/a><\/figure>\n\n\n\n<h3 class=\"wp-block-heading\">Prezent na pobyt<\/h3>\n\n\n\n<p>Zarezerwuj pobyt na naszej stronie internetowej i otrzymaj butelk\u0119 wysokiej jako\u015bci Prosecco<\/p>\n\n\n\n<div class=\"wp-block-buttons is-layout-flex wp-block-buttons-is-layout-flex\">\n<div class=\"wp-block-button\"><a class=\"wp-block-button__link wp-element-button\" href=\"https:\/\/www.grandhotelhradec.cz\/pl\/oferty-specjalne\/prezent-za-pozostanie\/\">Wi\u0119cej informacji<\/a><\/div>\n<\/div>\n<\/div>\n<\/div>\n\n\n\n<div class=\"wp-block-columns is-layout-flex wp-container-core-columns-is-layout-9d6595d7 wp-block-columns-is-layout-flex\">\n<div class=\"wp-block-column is-layout-flow wp-block-column-is-layout-flow\">\n<figure class=\"wp-block-image size-medium\"><a class=\"rezervace\" href=\"https:\/\/grandhotelhradec.book-onlinenow.net\/index.aspx?specialoffer=MLOS+3+nights+NRF&amp;lan_id=cs-CZ&amp;cur=CZK&amp;promocode=GHH\" target=\"_blank\"><img loading=\"lazy\" decoding=\"async\" width=\"600\" height=\"393\" src=\"https:\/\/www.grandhotelhradec.cz\/wp-content\/uploads\/2025\/02\/sleva-10-600x393.jpg\" alt=\"rabat 10%\" class=\"wp-image-384\" srcset=\"https:\/\/www.grandhotelhradec.cz\/wp-content\/uploads\/2025\/02\/sleva-10-600x393.jpg 600w, https:\/\/www.grandhotelhradec.cz\/wp-content\/uploads\/2025\/02\/sleva-10.jpg 1366w\" sizes=\"auto, (max-width: 600px) 100vw, 600px\" \/><\/a><\/figure>\n\n\n\n<h3 class=\"wp-block-heading\">Zosta\u0144 d\u0142u\u017cej i zaoszcz\u0119d\u017a 10%<\/h3>\n\n\n\n<p>D\u0142ugo\u015b\u0107 pobytu od 3 nocy - brak mo\u017cliwo\u015bci anulowania<\/p>\n\n\n\n<div class=\"wp-block-buttons is-layout-flex wp-block-buttons-is-layout-flex\">\n<div class=\"wp-block-button rezervace\"><a class=\"wp-block-button__link wp-element-button\" href=\"https:\/\/grandhotelhradec.book-onlinenow.net\/index.aspx?specialoffer=MLOS+3+nights+NRF&amp;lan_id=cs-CZ&amp;cur=CZK&amp;promocode=GHH\" target=\"_blank\" rel=\"\">Zarezerwuj<\/a><\/div>\n<\/div>\n<\/div>\n\n\n\n<div class=\"wp-block-column is-layout-flow wp-block-column-is-layout-flow\">\n<figure class=\"wp-block-image size-medium\"><a class=\"rezervace\" href=\"https:\/\/grandhotelhradec.book-onlinenow.net\/index.aspx?specialoffer=MLOS+3+nights+NRF&amp;lan_id=cs-CZ&amp;cur=CZK&amp;promocode=GHH\" target=\"_blank\"><img loading=\"lazy\" decoding=\"async\" width=\"600\" height=\"393\" src=\"https:\/\/www.grandhotelhradec.cz\/wp-content\/uploads\/2025\/02\/sleva-5-600x393.jpg\" alt=\"rabat 5%\" class=\"wp-image-383\" srcset=\"https:\/\/www.grandhotelhradec.cz\/wp-content\/uploads\/2025\/02\/sleva-5-600x393.jpg 600w, https:\/\/www.grandhotelhradec.cz\/wp-content\/uploads\/2025\/02\/sleva-5.jpg 1366w\" sizes=\"auto, (max-width: 600px) 100vw, 600px\" \/><\/a><\/figure>\n\n\n\n<h3 class=\"wp-block-heading\">Zosta\u0144 na 3 lub wi\u0119cej nocy i zaoszcz\u0119d\u017a 5%<\/h3>\n\n\n\n<p>Minimalny pobyt 3 noce \u2013 z mo\u017cliwo\u015bci\u0105 anulowania<\/p>\n\n\n\n<div class=\"wp-block-buttons is-layout-flex wp-block-buttons-is-layout-flex\">\n<div class=\"wp-block-button rezervace\"><a class=\"wp-block-button__link wp-element-button\" href=\"https:\/\/grandhotelhradec.book-onlinenow.net\/index.aspx?specialoffer=MLOS+3+nights+NRF&amp;lan_id=cs-CZ&amp;cur=CZK&amp;promocode=GHH\" target=\"_blank\" rel=\"\">Zarezerwuj<\/a><\/div>\n<\/div>\n<\/div>\n\n\n\n<div class=\"wp-block-column is-layout-flow wp-block-column-is-layout-flow\">\n<figure class=\"wp-block-image size-full\"><a class=\"rezervace\" href=\"https:\/\/grandhotelhradec.book-onlinenow.net\/index.aspx?specialoffer=MLOS+3+nights+NRF&amp;lan_id=cs-CZ&amp;cur=CZK&amp;promocode=GHH\" target=\"_blank\"><img loading=\"lazy\" decoding=\"async\" width=\"1366\" height=\"894\" src=\"https:\/\/www.grandhotelhradec.cz\/wp-content\/uploads\/2025\/02\/Slevovy-kupon.jpg\" alt=\"Kupon rabatowy\" class=\"wp-image-382\" srcset=\"https:\/\/www.grandhotelhradec.cz\/wp-content\/uploads\/2025\/02\/Slevovy-kupon.jpg 1366w, https:\/\/www.grandhotelhradec.cz\/wp-content\/uploads\/2025\/02\/Slevovy-kupon-600x393.jpg 600w\" sizes=\"auto, (max-width: 1366px) 100vw, 1366px\" \/><\/a><\/figure>\n\n\n\n<h3 class=\"wp-block-heading\">Oferta specjalna z 5% rabatem<\/h3>\n\n\n\n<p>D\u0142ugo\u015b\u0107 pobytu 1 - 2 noce - brak mo\u017cliwo\u015bci anulowania<\/p>\n\n\n\n<div class=\"wp-block-buttons is-layout-flex wp-block-buttons-is-layout-flex\">\n<div class=\"wp-block-button rezervace\"><a class=\"wp-block-button__link wp-element-button\" href=\"https:\/\/grandhotelhradec.book-onlinenow.net\/index.aspx?specialoffer=MLOS+3+nights+NRF&amp;lan_id=cs-CZ&amp;cur=CZK&amp;promocode=GHH\" target=\"_blank\" rel=\"\">Zarezerwuj<\/a><\/div>\n<\/div>\n<\/div>\n<\/div>\n\n\n\n<div class=\"wp-block-columns is-layout-flex wp-container-core-columns-is-layout-9d6595d7 wp-block-columns-is-layout-flex\">\n<div class=\"wp-block-column is-layout-flow wp-block-column-is-layout-flow\">\n<figure class=\"wp-block-image size-full\"><a class=\"\" href=\"https:\/\/www.grandhotelhradec.cz\/pl\/oferty-specjalne\/bon-podarunkowy\/\"><img loading=\"lazy\" decoding=\"async\" width=\"378\" height=\"247\" src=\"https:\/\/www.grandhotelhradec.cz\/wp-content\/uploads\/2025\/02\/voucher-poukaz.jpg\" alt=\"voucher-upominek\" class=\"wp-image-395\"\/><\/a><\/figure>\n\n\n\n<h3 class=\"wp-block-heading\">Bon podarunkowy<\/h3>\n\n\n\n<p>Bon podarunkowy na wszystkie us\u0142ugi hotelowe<\/p>\n\n\n\n<div class=\"wp-block-buttons is-layout-flex wp-block-buttons-is-layout-flex\">\n<div class=\"wp-block-button\"><a class=\"wp-block-button__link wp-element-button\" href=\"https:\/\/www.grandhotelhradec.cz\/pl\/oferty-specjalne\/bon-podarunkowy\/\">Wi\u0119cej informacji<\/a><\/div>\n<\/div>\n<\/div>\n\n\n\n<div class=\"wp-block-column is-layout-flow wp-block-column-is-layout-flow\"><\/div>\n\n\n\n<div class=\"wp-block-column is-layout-flow wp-block-column-is-layout-flow\"><\/div>\n<\/div>\n\n\n\n<p><\/p>","protected":false},"excerpt":{"rendered":"<p>Pobytov\u00fd bal\u00ed\u010dek s t\u0159\u00edchodovou ve\u010de\u0159\u00ed Za\u017eijte Krkono\u0161e ve velk\u00e9m stylu Pobytov\u00fd bal\u00ed\u010dek s t\u0159\u00edchodovou ve\u010de\u0159\u00ed a wellness Za\u017eijte Krkono\u0161e ve velk\u00e9m stylu D\u00e1rek k pobytu Rezervujte si pobyt na na\u0161ich webov\u00fdch str\u00e1nk\u00e1ch a z\u00edskejte lahev kvalitn\u00edho Prosecca Z\u016fsta\u0148te d\u00e9le a u\u0161et\u0159ete 10% D\u00e9lka pobytu od 3 noc\u00ed &#8211; bez mo\u017enosti storna Z\u016fsta\u0148te 3 a v\u00edce [&hellip;]<\/p>","protected":false},"author":1,"featured_media":365,"parent":0,"menu_order":0,"comment_status":"closed","ping_status":"closed","template":"","meta":{"footnotes":""},"class_list":["post-41","page","type-page","status-publish","has-post-thumbnail","hentry"],"_links":{"self":[{"href":"https:\/\/www.grandhotelhradec.cz\/pl\/wp-json\/wp\/v2\/pages\/41","targetHints":{"allow":["GET"]}}],"collection":[{"href":"https:\/\/www.grandhotelhradec.cz\/pl\/wp-json\/wp\/v2\/pages"}],"about":[{"href":"https:\/\/www.grandhotelhradec.cz\/pl\/wp-json\/wp\/v2\/types\/page"}],"author":[{"embeddable":true,"href":"https:\/\/www.grandhotelhradec.cz\/pl\/wp-json\/wp\/v2\/users\/1"}],"replies":[{"embeddable":true,"href":"https:\/\/www.grandhotelhradec.cz\/pl\/wp-json\/wp\/v2\/comments?post=41"}],"version-history":[{"count":53,"href":"https:\/\/www.grandhotelhradec.cz\/pl\/wp-json\/wp\/v2\/pages\/41\/revisions"}],"predecessor-version":[{"id":1179,"href":"https:\/\/www.grandhotelhradec.cz\/pl\/wp-json\/wp\/v2\/pages\/41\/revisions\/1179"}],"wp:featuredmedia":[{"embeddable":true,"href":"https:\/\/www.grandhotelhradec.cz\/pl\/wp-json\/wp\/v2\/media\/365"}],"wp:attachment":[{"href":"https:\/\/www.grandhotelhradec.cz\/pl\/wp-json\/wp\/v2\/media?parent=41"}],"curies":[{"name":"wp","href":"https:\/\/api.w.org\/{rel}","templated":true}]}}

<div class="wp-block-columns is-layout-flex wp-container-core-columns-is-layout-9d6595d7 wp-block-columns-is-layout-flex">
<div class="wp-block-column is-layout-flow wp-block-column-is-layout-flow">
<figure class="wp-block-image size-full"><a href="https://www.grandhotelhradec.cz/pl/oferty-specjalne/specjalna-elastyczna-oferta-sezonowa-z-3-daniowa-kolacja/"><img loading="lazy" decoding="async" width="372" height="243" src="https://www.grandhotelhradec.cz/wp-content/uploads/2025/10/BALICEK_3MENU_WEB_372x243_px_nabidka_III_2.jpg" alt="" class="wp-image-1000" srcset="https://www.grandhotelhradec.cz/wp-content/uploads/2025/10/BALICEK_3MENU_WEB_372x243_px_nabidka_III_2.jpg 372w, https://www.grandhotelhradec.cz/wp-content/uploads/2025/10/BALICEK_3MENU_WEB_372x243_px_nabidka_III_2-18x12.jpg 18w" sizes="auto, (max-width: 372px) 100vw, 372px" /></a></figure>



<h3 class="wp-block-heading">Pakiet pobytowy <br>z trzydaniową kolacją</h3>



<p>Przeżyj Karkonosze w wielkim stylu</p>



<div class="wp-block-buttons is-layout-flex wp-block-buttons-is-layout-flex">
<div class="wp-block-button"><a class="wp-block-button__link wp-element-button" href="https://www.grandhotelhradec.cz/pl/oferty-specjalne/specjalna-elastyczna-oferta-sezonowa-z-3-daniowa-kolacja/">Więcej informacji</a></div>
</div>
</div>



<div class="wp-block-column is-layout-flow wp-block-column-is-layout-flow">
<figure class="wp-block-image size-full"><a href="https://www.grandhotelhradec.cz/pl/oferty-specjalne/specjalne-elastyczne-oferty-sezonowe-z-3-daniowa-kolacja-i-wellness/"><img loading="lazy" decoding="async" width="372" height="243" src="https://www.grandhotelhradec.cz/wp-content/uploads/2025/10/BALICEK_3MENU_Wellness_WEB_372x243_px_nabidka_III_2.jpg" alt="" class="wp-image-1001" srcset="https://www.grandhotelhradec.cz/wp-content/uploads/2025/10/BALICEK_3MENU_Wellness_WEB_372x243_px_nabidka_III_2.jpg 372w, https://www.grandhotelhradec.cz/wp-content/uploads/2025/10/BALICEK_3MENU_Wellness_WEB_372x243_px_nabidka_III_2-18x12.jpg 18w" sizes="auto, (max-width: 372px) 100vw, 372px" /></a></figure>



<h3 class="wp-block-heading">Pakiet pobytowy <br>z trzydaniową kolacją i wellness</h3>



<p>Przeżyj Karkonosze w wielkim stylu</p>



<div class="wp-block-buttons is-layout-flex wp-block-buttons-is-layout-flex">
<div class="wp-block-button"><a class="wp-block-button__link wp-element-button" href="https://www.grandhotelhradec.cz/pl/oferty-specjalne/specjalne-elastyczne-oferty-sezonowe-z-3-daniowa-kolacja-i-wellness/">Więcej informacji</a></div>
</div>
</div>



<div class="wp-block-column is-layout-flow wp-block-column-is-layout-flow">
<figure class="wp-block-image size-full is-resized"><a href="https://www.grandhotelhradec.cz/pl/oferty-specjalne/prezent-za-pozostanie/"><img loading="lazy" decoding="async" width="372" height="243" src="https://www.grandhotelhradec.cz/wp-content/uploads/2026/04/DUBEN_bonus-Lahev_vina_zdarma_WEB_372x243_px_nabidka_II.webp" alt="" class="wp-image-1176" style="object-fit:cover;width:372px;height:auto" srcset="https://www.grandhotelhradec.cz/wp-content/uploads/2026/04/DUBEN_bonus-Lahev_vina_zdarma_WEB_372x243_px_nabidka_II.webp 372w, https://www.grandhotelhradec.cz/wp-content/uploads/2026/04/DUBEN_bonus-Lahev_vina_zdarma_WEB_372x243_px_nabidka_II-18x12.webp 18w" sizes="auto, (max-width: 372px) 100vw, 372px" /></a></figure>



<h3 class="wp-block-heading">Prezent na pobyt</h3>



<p>Zarezerwuj pobyt na naszej stronie internetowej i otrzymaj butelkę wysokiej jakości Prosecco</p>



<div class="wp-block-buttons is-layout-flex wp-block-buttons-is-layout-flex">
<div class="wp-block-button"><a class="wp-block-button__link wp-element-button" href="https://www.grandhotelhradec.cz/pl/oferty-specjalne/prezent-za-pozostanie/">Więcej informacji</a></div>
</div>
</div>
</div>



<div class="wp-block-columns is-layout-flex wp-container-core-columns-is-layout-9d6595d7 wp-block-columns-is-layout-flex">
<div class="wp-block-column is-layout-flow wp-block-column-is-layout-flow">
<figure class="wp-block-image size-medium"><a class="rezervace" href="https://grandhotelhradec.book-onlinenow.net/index.aspx?specialoffer=MLOS+3+nights+NRF&amp;lan_id=cs-CZ&amp;cur=CZK&amp;promocode=GHH" target="_blank"><img loading="lazy" decoding="async" width="600" height="393" src="https://www.grandhotelhradec.cz/wp-content/uploads/2025/02/sleva-10-600x393.jpg" alt="rabat 10%" class="wp-image-384" srcset="https://www.grandhotelhradec.cz/wp-content/uploads/2025/02/sleva-10-600x393.jpg 600w, https://www.grandhotelhradec.cz/wp-content/uploads/2025/02/sleva-10.jpg 1366w" sizes="auto, (max-width: 600px) 100vw, 600px" /></a></figure>



<h3 class="wp-block-heading">Zostań dłużej i zaoszczędź 10%</h3>



<p>Długość pobytu od 3 nocy - brak możliwości anulowania</p>



<div class="wp-block-buttons is-layout-flex wp-block-buttons-is-layout-flex">
<div class="wp-block-button rezervace"><a class="wp-block-button__link wp-element-button" href="https://grandhotelhradec.book-onlinenow.net/index.aspx?specialoffer=MLOS+3+nights+NRF&amp;lan_id=cs-CZ&amp;cur=CZK&amp;promocode=GHH" target="_blank" rel="">Zarezerwuj</a></div>
</div>
</div>



<div class="wp-block-column is-layout-flow wp-block-column-is-layout-flow">
<figure class="wp-block-image size-medium"><a class="rezervace" href="https://grandhotelhradec.book-onlinenow.net/index.aspx?specialoffer=MLOS+3+nights+NRF&amp;lan_id=cs-CZ&amp;cur=CZK&amp;promocode=GHH" target="_blank"><img loading="lazy" decoding="async" width="600" height="393" src="https://www.grandhotelhradec.cz/wp-content/uploads/2025/02/sleva-5-600x393.jpg" alt="rabat 5%" class="wp-image-383" srcset="https://www.grandhotelhradec.cz/wp-content/uploads/2025/02/sleva-5-600x393.jpg 600w, https://www.grandhotelhradec.cz/wp-content/uploads/2025/02/sleva-5.jpg 1366w" sizes="auto, (max-width: 600px) 100vw, 600px" /></a></figure>



<h3 class="wp-block-heading">Zostań na 3 lub więcej nocy i zaoszczędź 5%</h3>



<p>Minimalny pobyt 3 noce – z możliwością anulowania</p>



<div class="wp-block-buttons is-layout-flex wp-block-buttons-is-layout-flex">
<div class="wp-block-button rezervace"><a class="wp-block-button__link wp-element-button" href="https://grandhotelhradec.book-onlinenow.net/index.aspx?specialoffer=MLOS+3+nights+NRF&amp;lan_id=cs-CZ&amp;cur=CZK&amp;promocode=GHH" target="_blank" rel="">Zarezerwuj</a></div>
</div>
</div>



<div class="wp-block-column is-layout-flow wp-block-column-is-layout-flow">
<figure class="wp-block-image size-full"><a class="rezervace" href="https://grandhotelhradec.book-onlinenow.net/index.aspx?specialoffer=MLOS+3+nights+NRF&amp;lan_id=cs-CZ&amp;cur=CZK&amp;promocode=GHH" target="_blank"><img loading="lazy" decoding="async" width="1366" height="894" src="https://www.grandhotelhradec.cz/wp-content/uploads/2025/02/Slevovy-kupon.jpg" alt="Kupon rabatowy" class="wp-image-382" srcset="https://www.grandhotelhradec.cz/wp-content/uploads/2025/02/Slevovy-kupon.jpg 1366w, https://www.grandhotelhradec.cz/wp-content/uploads/2025/02/Slevovy-kupon-600x393.jpg 600w" sizes="auto, (max-width: 1366px) 100vw, 1366px" /></a></figure>



<h3 class="wp-block-heading">Oferta specjalna z 5% rabatem</h3>



<p>Długość pobytu 1 - 2 noce - brak możliwości anulowania</p>



<div class="wp-block-buttons is-layout-flex wp-block-buttons-is-layout-flex">
<div class="wp-block-button rezervace"><a class="wp-block-button__link wp-element-button" href="https://grandhotelhradec.book-onlinenow.net/index.aspx?specialoffer=MLOS+3+nights+NRF&amp;lan_id=cs-CZ&amp;cur=CZK&amp;promocode=GHH" target="_blank" rel="">Zarezerwuj</a></div>
</div>
</div>
</div>



<div class="wp-block-columns is-layout-flex wp-container-core-columns-is-layout-9d6595d7 wp-block-columns-is-layout-flex">
<div class="wp-block-column is-layout-flow wp-block-column-is-layout-flow">
<figure class="wp-block-image size-full"><a class="" href="https://www.grandhotelhradec.cz/pl/oferty-specjalne/bon-podarunkowy/"><img loading="lazy" decoding="async" width="378" height="247" src="https://www.grandhotelhradec.cz/wp-content/uploads/2025/02/voucher-poukaz.jpg" alt="voucher-upominek" class="wp-image-395"/></a></figure>



<h3 class="wp-block-heading">Bon podarunkowy</h3>



<p>Bon podarunkowy na wszystkie usługi hotelowe</p>



<div class="wp-block-buttons is-layout-flex wp-block-buttons-is-layout-flex">
<div class="wp-block-button"><a class="wp-block-button__link wp-element-button" href="https://www.grandhotelhradec.cz/pl/oferty-specjalne/bon-podarunkowy/">Więcej informacji</a></div>
</div>
</div>



<div class="wp-block-column is-layout-flow wp-block-column-is-layout-flow"></div>



<div class="wp-block-column is-layout-flow wp-block-column-is-layout-flow"></div>
</div>



<p></p>

<p>Pobytový balíček s tříchodovou večeří Zažijte Krkonoše ve velkém stylu Pobytový balíček s tříchodovou večeří a wellness Zažijte Krkonoše ve velkém stylu Dárek k pobytu Rezervujte si pobyt na našich webových stránkách a získejte lahev kvalitního Prosecca Zůstaňte déle a ušetřete 10% Délka pobytu od 3 nocí &#8211; bez možnosti storna Zůstaňte 3 a více [&hellip;]</p>
