{"version":"1.0","provider_name":"Grand Hotel Hradec","provider_url":"https:\/\/www.grandhotelhradec.cz\/pl","title":"Konference v Peci pod Sn\u011b\u017ekou | Grand Hotel Hradec","type":"rich","width":600,"height":338,"html":"<blockquote class=\"wp-embedded-content\" data-secret=\"CLsYEJikae\"><a href=\"https:\/\/www.grandhotelhradec.cz\/pl\/konferencni-prostory\/\">Konferencje<\/a><\/blockquote><iframe sandbox=\"allow-scripts\" security=\"restricted\" src=\"https:\/\/www.grandhotelhradec.cz\/pl\/konferencni-prostory\/embed\/#?secret=CLsYEJikae\" width=\"600\" height=\"338\" title=\"&#8222;Konference&#8221; &#8212; Grand Hotel Hradec\" data-secret=\"CLsYEJikae\" frameborder=\"0\" marginwidth=\"0\" marginheight=\"0\" scrolling=\"no\" class=\"wp-embedded-content\"><\/iframe><script>\n\/*! This file is auto-generated *\/\n!function(d,l){\"use strict\";l.querySelector&&d.addEventListener&&\"undefined\"!=typeof URL&&(d.wp=d.wp||{},d.wp.receiveEmbedMessage||(d.wp.receiveEmbedMessage=function(e){var t=e.data;if((t||t.secret||t.message||t.value)&&!\/[^a-zA-Z0-9]\/.test(t.secret)){for(var s,r,n,a=l.querySelectorAll('iframe[data-secret=\"'+t.secret+'\"]'),o=l.querySelectorAll('blockquote[data-secret=\"'+t.secret+'\"]'),c=new RegExp(\"^https?:$\",\"i\"),i=0;i<o.length;i++)o[i].style.display=\"none\";for(i=0;i<a.length;i++)s=a[i],e.source===s.contentWindow&&(s.removeAttribute(\"style\"),\"height\"===t.message?(1e3<(r=parseInt(t.value,10))?r=1e3:~~r<200&&(r=200),s.height=r):\"link\"===t.message&&(r=new URL(s.getAttribute(\"src\")),n=new URL(t.value),c.test(n.protocol))&&n.host===r.host&&l.activeElement===s&&(d.top.location.href=t.value))}},d.addEventListener(\"message\",d.wp.receiveEmbedMessage,!1),l.addEventListener(\"DOMContentLoaded\",function(){for(var e,t,s=l.querySelectorAll(\"iframe.wp-embedded-content\"),r=0;r<s.length;r++)(t=(e=s[r]).getAttribute(\"data-secret\"))||(t=Math.random().toString(36).substring(2,12),e.src+=\"#?secret=\"+t,e.setAttribute(\"data-secret\",t)),e.contentWindow.postMessage({message:\"ready\",secret:t},\"*\")},!1)))}(window,document);\n\/\/# sourceURL=https:\/\/www.grandhotelhradec.cz\/wp-includes\/js\/wp-embed.min.js\n<\/script>","thumbnail_url":"https:\/\/www.grandhotelhradec.cz\/wp-content\/uploads\/2025\/02\/Firemni-akce-Pec-pod-Snezkou.jpg","thumbnail_width":1366,"thumbnail_height":912,"description":"Kapacita a\u017e 180 osob Hled\u00e1te reprezentativn\u00ed prostory pro uspo\u0159\u00e1d\u00e1n\u00ed \u0161kolen\u00ed, konference, obchodn\u00edho jedn\u00e1n\u00ed, ve\u0159ejn\u00e9 projekce, workshopu \u010di soukrom\u00e9 oslavy? Chcete, aby V\u00e1s obklopoval kr\u00e1sn\u00fd, \u00fa\u010deln\u011b promy\u0161len\u00fd interi\u00e9r s rekuperac\u00ed \u010derstv\u00e9ho vzduchu, dostatkem denn\u00edho sv\u011btla, vybaven\u00fd nejmodern\u011bj\u0161\u00edm technick\u00fdm z\u00e1zem\u00edm? Pokud je Va\u0161e odpov\u011b\u010f kladn\u00e1, pak jsou na\u0161e konferen\u010dn\u00ed prostory p\u0159esn\u011b t\u00edm, co hled\u00e1te. Bonusem pro \u00fa\u010dastn\u00edky [&hellip;]"}

Konference v Peci pod Sněžkou | Grand Hotel Hradec

Kapacita až 180 osob Hledáte reprezentativní prostory pro uspořádání školení, konference, obchodního jednání, veřejné projekce, workshopu či soukromé oslavy? Chcete, aby Vás obklopoval krásný, účelně promyšlený interiér s rekuperací čerstvého vzduchu, dostatkem denního světla, vybavený nejmodernějším technickým zázemím? Pokud je Vaše odpověď kladná, pak jsou naše konferenční prostory přesně tím, co hledáte. Bonusem pro účastníky [&hellip;]
