{"id":890,"date":"2025-09-09T22:40:39","date_gmt":"2025-09-09T20:40:39","guid":{"rendered":"https:\/\/www.grandhotelhradec.cz\/?page_id=890"},"modified":"2025-10-14T22:55:16","modified_gmt":"2025-10-14T20:55:16","slug":"vyjimecny-vanocni-vecirek-na-horach","status":"publish","type":"page","link":"https:\/\/www.grandhotelhradec.cz\/de\/vyjimecny-vanocni-vecirek-na-horach\/","title":{"rendered":"Eine au\u00dfergew\u00f6hnliche Weihnachtsfeier im Dezember und ein stressfreies Silvestertreffen im Januar \u2013 in den Bergen"},"content":{"rendered":"<h2 class=\"wp-block-heading\"><strong>Styl, sn\u00edh a v\u00fdhledy, kter\u00e9 si v\u00e1\u0161 t\u00fdm zaslou\u017e\u00ed.<\/strong><\/h2>\n\n\n\n<p>\u010cas V\u00e1noc i novoro\u010dn\u00edch oslav se bl\u00ed\u017e\u00ed \u2014 dop\u0159ejte sv\u00e9mu t\u00fdmu, obchodn\u00edm partner\u016fm \u010di klient\u016fm v\u00fdjime\u010dn\u00fd z\u00e1\u017eitek v prost\u0159ed\u00ed zasn\u011b\u017een\u00fdch hor a \u010dist\u00e9ho krkono\u0161sk\u00e9ho vzduchu.<\/p>\n\n\n\n<p>Pro mnoh\u00e9 je v\u00e1no\u010dn\u00ed ve\u010d\u00edrek jedn\u00edm z nejd\u016fle\u017eit\u011bj\u0161\u00edch moment\u016f cel\u00e9ho roku. Proto je z\u00e1sadn\u00ed,&nbsp;<strong>kde<\/strong>&nbsp;se kon\u00e1.<br><strong>Grand Hotel Hradec<\/strong>, modern\u00ed \u010dlenit\u00e1 stavba navr\u017een\u00e1 p\u0159edn\u00edmi \u010desk\u00fdmi architekty, nab\u00edz\u00ed to nejlep\u0161\u00ed.<br>Je to&nbsp;<strong>jedin\u00fd hotel v lokalit\u011b poskytuj\u00edc\u00ed exkluzivn\u00ed slu\u017eby ve standardu 4\u2605+<\/strong>, kde se spojuje elegance, komfort a autentick\u00e1 atmosf\u00e9ra Krkono\u0161.<\/p>\n\n\n\n<h2 class=\"wp-block-heading\"><strong>Netradi\u010dn\u00ed p\u0159edv\u00e1no\u010dn\u00ed z\u00e1\u017eitek pln\u00fd z\u00e1bavy, atmosf\u00e9ry a dobr\u00e9 n\u00e1lady<\/strong><\/h2>\n\n\n\n<ul class=\"wp-block-list\">\n<li><strong>Bufet s v\u00e1no\u010dn\u00ed t\u00e9matikou<\/strong>&nbsp;od&nbsp;<strong>990 K\u010d \/ osoba<\/strong><\/li>\n\n\n\n<li><strong>N\u00e1pojov\u00e9 bal\u00ed\u010dky<\/strong>&nbsp;od&nbsp;<strong>350 K\u010d \/ osoba<\/strong><\/li>\n\n\n\n<li><strong>Degustace v\u00edna nebo rum\u016f<\/strong><\/li>\n\n\n\n<li><strong>Pron\u00e1jem s\u00e1l\u016f a technick\u00e9 vybaven\u00ed<\/strong><\/li>\n\n\n\n<li><strong>Teambuildingov\u00e9 aktivity na m\u00edru v srdci Krkono\u0161<\/strong><\/li>\n\n\n\n<li><strong>Flexibiln\u00ed nab\u00eddka<\/strong>&nbsp;\u2013 p\u0159izp\u016fsob\u00edme v\u0161e skupin\u00e1m jak\u00e9koliv velikosti<\/li>\n<\/ul>\n\n\n\n<h2 class=\"wp-block-heading\"><strong>&nbsp;Pro\u010d pr\u00e1v\u011b Grand Hotel Hradec<\/strong><\/h2>\n\n\n\n<ul class=\"wp-block-list\">\n<li><strong>Jedine\u010dn\u00e1 poloha v srdci Krkono\u0161<\/strong>, pod majest\u00e1tn\u00ed&nbsp;<strong>Sn\u011b\u017ekou<\/strong>, s okouzluj\u00edc\u00edmi v\u00fdhledy na zimn\u00ed krajinu.<\/li>\n\n\n\n<li><strong>Stylov\u00e9 prostory pro firemn\u00ed ve\u010d\u00edrek<\/strong>&nbsp;\u2013 od komorn\u00edch salonk\u016f a\u017e po reprezentativn\u00ed restauraci a bar.<\/li>\n\n\n\n<li><strong>Gastronomie na \u0161pi\u010dkov\u00e9 \u00farovni<\/strong>, kter\u00e1 pot\u011b\u0161\u00ed ka\u017ed\u00e9ho gurm\u00e1na.<\/li>\n\n\n\n<li><strong>Wellness a relax z\u00f3na<\/strong>&nbsp;\u2013 ide\u00e1ln\u00ed m\u00edsto pro odpo\u010dinek po oslav\u011b nebo po dni na ly\u017e\u00edch.<\/li>\n\n\n\n<li><strong>Mo\u017enost zimn\u00edch aktivit<\/strong>&nbsp;\u2013 od ly\u017eov\u00e1n\u00ed a skialp\u016f po romantick\u00e9 proch\u00e1zky zasn\u011b\u017eenou krajinou.<\/li>\n\n\n\n<li><strong>Profesion\u00e1ln\u00ed t\u00fdm<\/strong>, kter\u00fd se postar\u00e1 o ka\u017ed\u00fd detail va\u0161eho eventu, aby byl bezstarostn\u00fd a nezapomenuteln\u00fd.<\/li>\n<\/ul>\n\n\n\n<p>V\u0161e V\u00e1m p\u0159iprav\u00edme na m\u00edru, kontaktujte n\u00e1s: <a href=\"mailto:sales@grandhotelhradec.cz\">sales@grandhotelhradec.cz<\/a> | <a href=\"tel:420720955325\">+420 720 955 325<\/a><br><\/p>\n\n\n\n<p><\/p>\n\n\n\n<figure class=\"wp-block-image alignwide size-full\"><img loading=\"lazy\" decoding=\"async\" width=\"1920\" height=\"1229\" src=\"https:\/\/www.grandhotelhradec.cz\/wp-content\/uploads\/2025\/10\/Vanoce_2025.jpg\" alt=\"\" class=\"wp-image-956\" srcset=\"https:\/\/www.grandhotelhradec.cz\/wp-content\/uploads\/2025\/10\/Vanoce_2025.jpg 1920w, https:\/\/www.grandhotelhradec.cz\/wp-content\/uploads\/2025\/10\/Vanoce_2025-600x384.jpg 600w, https:\/\/www.grandhotelhradec.cz\/wp-content\/uploads\/2025\/10\/Vanoce_2025-18x12.jpg 18w\" sizes=\"auto, (max-width: 1920px) 100vw, 1920px\" \/><\/figure>","protected":false},"excerpt":{"rendered":"<p>Styl, sn\u00edh a v\u00fdhledy, kter\u00e9 si v\u00e1\u0161 t\u00fdm zaslou\u017e\u00ed. \u010cas V\u00e1noc i novoro\u010dn\u00edch oslav se bl\u00ed\u017e\u00ed \u2014 dop\u0159ejte sv\u00e9mu t\u00fdmu, obchodn\u00edm partner\u016fm \u010di klient\u016fm v\u00fdjime\u010dn\u00fd z\u00e1\u017eitek v prost\u0159ed\u00ed zasn\u011b\u017een\u00fdch hor a \u010dist\u00e9ho krkono\u0161sk\u00e9ho vzduchu. Pro mnoh\u00e9 je v\u00e1no\u010dn\u00ed ve\u010d\u00edrek jedn\u00edm z nejd\u016fle\u017eit\u011bj\u0161\u00edch moment\u016f cel\u00e9ho roku. Proto je z\u00e1sadn\u00ed,&nbsp;kde&nbsp;se kon\u00e1.Grand Hotel Hradec, modern\u00ed \u010dlenit\u00e1 stavba navr\u017een\u00e1 [&hellip;]<\/p>","protected":false},"author":1,"featured_media":960,"parent":0,"menu_order":0,"comment_status":"closed","ping_status":"closed","template":"","meta":{"footnotes":""},"class_list":["post-890","page","type-page","status-publish","has-post-thumbnail","hentry"],"_links":{"self":[{"href":"https:\/\/www.grandhotelhradec.cz\/de\/wp-json\/wp\/v2\/pages\/890","targetHints":{"allow":["GET"]}}],"collection":[{"href":"https:\/\/www.grandhotelhradec.cz\/de\/wp-json\/wp\/v2\/pages"}],"about":[{"href":"https:\/\/www.grandhotelhradec.cz\/de\/wp-json\/wp\/v2\/types\/page"}],"author":[{"embeddable":true,"href":"https:\/\/www.grandhotelhradec.cz\/de\/wp-json\/wp\/v2\/users\/1"}],"replies":[{"embeddable":true,"href":"https:\/\/www.grandhotelhradec.cz\/de\/wp-json\/wp\/v2\/comments?post=890"}],"version-history":[{"count":8,"href":"https:\/\/www.grandhotelhradec.cz\/de\/wp-json\/wp\/v2\/pages\/890\/revisions"}],"predecessor-version":[{"id":966,"href":"https:\/\/www.grandhotelhradec.cz\/de\/wp-json\/wp\/v2\/pages\/890\/revisions\/966"}],"wp:featuredmedia":[{"embeddable":true,"href":"https:\/\/www.grandhotelhradec.cz\/de\/wp-json\/wp\/v2\/media\/960"}],"wp:attachment":[{"href":"https:\/\/www.grandhotelhradec.cz\/de\/wp-json\/wp\/v2\/media?parent=890"}],"curies":[{"name":"wp","href":"https:\/\/api.w.org\/{rel}","templated":true}]}}

Eine außergewöhnliche Weihnachtsfeier im Dezember und ein stressfreies Silvestertreffen im Januar – in den Bergen

<h2 class="wp-block-heading"><strong>Styl, sníh a výhledy, které si váš tým zaslouží.</strong></h2>



<p>Čas Vánoc i novoročních oslav se blíží — dopřejte svému týmu, obchodním partnerům či klientům výjimečný zážitek v prostředí zasněžených hor a čistého krkonošského vzduchu.</p>



<p>Pro mnohé je vánoční večírek jedním z nejdůležitějších momentů celého roku. Proto je zásadní,&nbsp;<strong>kde</strong>&nbsp;se koná.<br><strong>Grand Hotel Hradec</strong>, moderní členitá stavba navržená předními českými architekty, nabízí to nejlepší.<br>Je to&nbsp;<strong>jediný hotel v lokalitě poskytující exkluzivní služby ve standardu 4★+</strong>, kde se spojuje elegance, komfort a autentická atmosféra Krkonoš.</p>



<h2 class="wp-block-heading"><strong>Netradiční předvánoční zážitek plný zábavy, atmosféry a dobré nálady</strong></h2>



<ul class="wp-block-list">
<li><strong>Bufet s vánoční tématikou</strong>&nbsp;od&nbsp;<strong>990 Kč / osoba</strong></li>



<li><strong>Nápojové balíčky</strong>&nbsp;od&nbsp;<strong>350 Kč / osoba</strong></li>



<li><strong>Degustace vína nebo rumů</strong></li>



<li><strong>Pronájem sálů a technické vybavení</strong></li>



<li><strong>Teambuildingové aktivity na míru v srdci Krkonoš</strong></li>



<li><strong>Flexibilní nabídka</strong>&nbsp;– přizpůsobíme vše skupinám jakékoliv velikosti</li>
</ul>



<h2 class="wp-block-heading"><strong>&nbsp;Proč právě Grand Hotel Hradec</strong></h2>



<ul class="wp-block-list">
<li><strong>Jedinečná poloha v srdci Krkonoš</strong>, pod majestátní&nbsp;<strong>Sněžkou</strong>, s okouzlujícími výhledy na zimní krajinu.</li>



<li><strong>Stylové prostory pro firemní večírek</strong>&nbsp;– od komorních salonků až po reprezentativní restauraci a bar.</li>



<li><strong>Gastronomie na špičkové úrovni</strong>, která potěší každého gurmána.</li>



<li><strong>Wellness a relax zóna</strong>&nbsp;– ideální místo pro odpočinek po oslavě nebo po dni na lyžích.</li>



<li><strong>Možnost zimních aktivit</strong>&nbsp;– od lyžování a skialpů po romantické procházky zasněženou krajinou.</li>



<li><strong>Profesionální tým</strong>, který se postará o každý detail vašeho eventu, aby byl bezstarostný a nezapomenutelný.</li>
</ul>



<p>Vše Vám připravíme na míru, kontaktujte nás: <a href="mailto:sales@grandhotelhradec.cz">sales@grandhotelhradec.cz</a> | <a href="tel:420720955325">+420 720 955 325</a><br></p>



<p></p>



<figure class="wp-block-image alignwide size-full"><img loading="lazy" decoding="async" width="1920" height="1229" src="https://www.grandhotelhradec.cz/wp-content/uploads/2025/10/Vanoce_2025.jpg" alt="" class="wp-image-956" srcset="https://www.grandhotelhradec.cz/wp-content/uploads/2025/10/Vanoce_2025.jpg 1920w, https://www.grandhotelhradec.cz/wp-content/uploads/2025/10/Vanoce_2025-600x384.jpg 600w, https://www.grandhotelhradec.cz/wp-content/uploads/2025/10/Vanoce_2025-18x12.jpg 18w" sizes="auto, (max-width: 1920px) 100vw, 1920px" /></figure>

<p>Styl, sníh a výhledy, které si váš tým zaslouží. Čas Vánoc i novoročních oslav se blíží — dopřejte svému týmu, obchodním partnerům či klientům výjimečný zážitek v prostředí zasněžených hor a čistého krkonošského vzduchu. Pro mnohé je vánoční večírek jedním z nejdůležitějších momentů celého roku. Proto je zásadní,&nbsp;kde&nbsp;se koná.Grand Hotel Hradec, moderní členitá stavba navržená [&hellip;]</p>
